043?
-44114
In base 7, what is 50261 - 1?
50260
In base 13, what is 719 - 0?
719
In base 14, what is 4a + -158b?
-1541
In base 16, what is bf + 28e7?
29a6
In base 14, what is 58 + 330?
388
In base 10, what is 2 - -17106?
17108
In base 10, what is 3 + -7149?
-7146
In base 3, what is -201 + -10011022102?
-10011100010
In base 10, what is -9695 + -2?
-9697
In base 7, what is 5 - 113461?
-113453
In base 8, what is 402 + -35?
345
In base 9, what is -77 + -51858?
-52046
In base 13, what is 3 + -71?
-6b
In base 10, what is -5317 - 0?
-5317
In base 6, what is -10151 - -215?
-5532
In base 12, what is 15 + -9311?
-92b8
In base 13, what is 13 + -27a23?
-27a10
In base 5, what is 214230 + 13?
214243
In base 12, what is -1 + -61b9?
-61ba
In base 16, what is 0 - 1284?
-1284
In base 4, what is 3 - 3123110?
-3123101
In base 13, what is 83 + -23b?
-188
In base 10, what is 1224426 - 4?
1224422
In base 7, what is -10 - -25155?
25145
In base 15, what is -1b - 1ca?
-1e6
In base 11, what is 5 + 1089?
1093
In base 12, what is -1211b0 + 3?
-1211a9
In base 5, what is -10 + 301134?
301124
In base 4, what is 311202100 + -10?
311202030
In base 13, what is -72 + b33?
a91
In base 11, what is 217 - 112a?
-a13
In base 2, what is 10001110010101101 - -10001?
10001110010111110
In base 15, what is -32 + -1ca3?
-1cd5
In base 3, what is 1122 - 121212?
-120020
In base 6, what is 1251 - 543?
304
In base 9, what is -12 - -4725?
4713
In base 8, what is -2622 + 132?
-2470
In base 7, what is 3 + -103306?
-103303
In base 13, what is 5 + -198?
-193
In base 14, what is 61751 - 0?
61751
In base 14, what is b3c16 - -3?
b3c19
In base 4, what is 332302 - 10?
332232
In base 14, what is -2 + 4732?
4730
In base 5, what is 204 - 20110?
-14401
In base 14, what is 266 - 2a?
23a
In base 9, what is -384261 - -3?
-384257
In base 4, what is -123131132203 - -1?
-123131132202
In base 5, what is 341031 - -3?
341034
In base 4, what is 3301 - 1102001?
-1032100
In base 13, what is -54b1 - 8?
-54b9
In base 11, what is 29898 - 17?
29881
In base 4, what is -30 - -133220?
133130
In base 12, what is 2a51 + 4?
2a55
In base 3, what is 2011021 - -12021?
2100112
In base 7, what is 1141162 + 3?
1141165
In base 11, what is -46 - 2389?
-2424
In base 8, what is -36534 + 15?
-36517
In base 7, what is 21 + -11353?
-11332
In base 6, what is 204521 + 5?
204530
In base 7, what is 5 - 26241?
-26233
In base 12, what is 27 - 13452?
-13427
In base 14, what is 5 + 2521dc?
252203
In base 8, what is -3172660 + -2?
-3172662
In base 12, what is 134 + -498a?
-4856
In base 14, what is -4 - -16c54?
16c50
In base 8, what is -4 + -257342?
-257346
In base 5, what is 344 - -403213?
404112
In base 10, what is -358 - 1043?
-1401
In base 8, what is 2740 + 37?
2777
In base 11, what is 1a50 - -4?
1a54
In base 12, what is 0 + 14953?
14953
In base 5, what is -4 - 4130021?
-4130030
In base 5, what is 101 + 3411?
4012
In base 3, what is -22222101001 + -2?
-22222101010
In base 6, what is -1 - 35155141?
-35155142
In base 11, what is -10 + -5447a?
-5448a
In base 10, what is 967 + -236?
731
In base 6, what is 5 - 33523?
-33514
In base 3, what is 2101220002 + 2?
2101220011
In base 8, what is -54 + -1327?
-1403
In base 14, what is -56b - -4?
-567
In base 11, what is -72a2 + 10?
-7292
In base 14, what is 11 + 40b27?
40b38
In base 7, what is -20031102 - -2?
-20031100
In base 7, what is -100 + 25033?
24633
In base 6, what is 51041554 + 4?
51042002
In base 15, what is -2 + 10bca?
10bc8
In base 4, what is -203203121 - -1?
-203203120
In base 12, what is 188 - -3?
18b
In base 6, what is 4 - 21545434?
-21545430
In base 13, what is 291745 + 0?
291745
In base 5, what is -1 - 41431330?
-41431331
In base 5, what is -131004 + 43?
-130411
In base 9, what is -41677 - -7?
-41670
In base 6, what is 1034 + -203?
431
In base 11, what is 5 + 153a85?
153a8a
In base 9, what is 4 + 100434?
100438
In base 3, what is 22011102 + 111?
22011220
In base 6, what is -124 - 45?
-213
In base 6, what is -5253352 + 0?
-5253352
In base 12, what is -1 + 402b41?
402b40
In base 11, what is -30 - 70a?
-73a
In base 15, what is 762 - 2c?
735
In base 15, what is 14 + 2ec?
311
In base 6, what is -334403 + 1?
-334402
In base 16, what is 52 - 1e0?
-18e
In base 2, what is 1 + -100001101111001010?
-100001101111001001
In base 7, what is -231 + -414?
-645
In base 14, what is 23cc8 + -4?
23cc4
In base 5, what is -10 - -12210320?
12210310
In base 11, what is 2a71 - 94?
2988
In base 11, what is 52 - -997?
a39
In base 10, what is 35 + -5642?
-5607
In base 10, what is -1 + 28336?
28335
In base 7, what is -2056502 - 5?
-2056510
In base 11, what is 3294 + 161?
3445
In base 10, what is -77521 + -8?
-77529
In base 7, what is 32365 + -110?
32255
In base 3, what is -201210 + 22?
-201111
In base 15, what is 13 - 1074?
-1061
In base 10, what is 2 + 84779?
84781
In base 10, what is 5 - -926337?
926342
In base 15, what is 7c63 + 6?
7c69
In base 14, what is -5 - 2185?
-218a
In base 16, what is -2ff57 - -3?
-2ff54
In base 16, what is 0 - 2627a?
-2627a
In base 4, what is -12131132 - 3?
-12131201
In base 11, what is -1109 + -101a?
-2128
In base 10, what is 267 + -39?
228
In base 7, what is -2030 - -2?
-2025
In base 16, what is -18 - -8ad5?
8abd
In base 3, what is 2 + 2121010210?
2121010212
In base 14, what is 37 + 15b?
194
In base 9, what is 3285850 - -1?
3285851
In base 5, what is -2 - -2031043?
2031041
In base 4, what is -322310 - 12?
-322322
In base 8, what is 423 - -113?
536
In base 7, what is 1540 - -6640?
11510
In base 7, what is -6436 - 204?
-6643
In base 4, what is -111 - -30130?
30013
In base 6, what is -30 - -2133322?
2133252
In base 6, what is -1115 + 515?
-200
In base 16, what is -40 - 3a1?
-3e1
In base 9, what is 67 - 2565?
-2487
In base 14, what is 545 - -3a?
581
In base 10, what is 5 + -290021?
-290016
In base 2, what is -10110 + -10101111111011110?
-10101111111110100
In base 2, what is -1100111101011000100 + 10?
-1100111101011000010
In base 2, what is 1010010111 + 101001100001?
110011111000
In base 7, what is 403654 - -2?
403656
In base 16, what is 2 + 14511?
14513
In base 10, what is -557461 + 0?
-557461
In base 4, what is 12233021 + -1023?
12231332
In base 13, what is 102a + -11?
1019
In base 2, what is -1101000111000 + 1100111?
-1100111010001
In base 7, what is -2205521 - -1?
-2205520
In base 15, what is 8650 + ae?
870e
In base 6, what is 32343 + -10?
32333
In base 2, what is -1 + 10110100100110111?
10110100100110110
In base 7, what is -264065 + -2?
-264100
In base 15, what is -5 + -d7c6?
-d7cb
In base 3, what is 2001121 - -2111?
2011002
In base 10, what is 0 - -386?
386
In base 6, what is 2505 + 50?
2555
In base 5, what is -1 - 3240341?
-3240342
In base 15, what is -1055a - 3?
-1055d
In base 13, what is -64 + 3234?
31a0
In base 4, what is -2 + -1223113231?
-1223113233
In base 16, what is -2c885 + 4?
-2c881
In base 4, what is 2 + -2003303?
-2003301
In base 2, what is -10010110001110 - 10?
-10010110010000
In base 7, what is 10 + 151441?
151451
In base 9, what is 1558124 - -4?
1558128
In base 4, what is 10131212222 - -3?
10131212231
In base 11, what is -634a - -418?
-5a32
In base 2, what is -11000101100110 + -11010101?
-11001000111011
In base 4, what is -2 + 30100?
30032
In base 10, what is 1 + 33165?
33166
In base 6, what is -113110 - 212?
-113322
In base 7, what is 22 + 2162563?
2162615
In base 16, what is -8 - -3cf6?
3cee
In base 3, what is 110011000200 + 1?
110011000201
In base 4, what is 202200201 + -2?
202200133
In base 8, what is -411006 - 65?
-411073
In base 5, what is -11 + -12031340?
-12031401
In base 13, what is 474 - 1b?
456
In base 9, what is -3 + 28467?
28464
In base 14, what is -3 - 14a86?
-14a89
In base 5, what is 2 - -22434?
22441
In base 11, what is 4077 + 0?
4077
In base 13, what is -10137 - 2?
-10139
In base 6, what is 5104320 + 0?
5104320
In base 7, what is 20634 + -52?
20552
In base 8, what is 5520 - 424?
5074
In base 11, what is -34 - 1048?
-1081
In base 4, what is -112200 - 12?
-112212
In base 4, what is 3002 - -11323033?
11332101
In base 13, what is 1b598 - -1?
1b599
In base 2, what is 1 - 11011010000011111?
-11011010000011110
In base 10, what is -4040 + 3?
-4037
In base 16, what is -92d + 29?
-904
In base 12, what is -2766 - -3?
-2763
In base 14, what is -95 - 1d90?
-2045
In base